ded by 44?
39
Let j be (-8)/(-2) + (-2)/2. Let m = j - 7. Calculate the remainder when 4 is divided by -2*10/m + -2.
1
Let z(b) = 9*b + 2. Let d(i) = -19*i - 4. Let m(o) = -2*d(o) - 5*z(o). Calculate the remainder when 9 is divided by m(-1).
4
Let a be -20*(-9)/24*2. Calculate the remainder when 534/a - (-6)/(-10) is divided by 12.
11
Let o(b) = -b**2 - 7*b + 8. Suppose 0 = 3*p + 2*p + 30. Calculate the remainder when o(p) is divided by 8.
6
Suppose 5*g - 120 = -5*i, 2*g + 2*g - 126 = 2*i. What is the remainder when g is divided by 8?
5
Let q(d) = -d**2 - 7*d + 2. Suppose 0 = -4*r - 3*c - 7 + 15, -5*c = -3*r - 23. Let i = -7 - r. What is the remainder when q(i) is divided by 5?
3
Let d(n) = -n + 1. Let r be d(-1). Suppose r = -2*m, h + m - 5 = 3*m. Suppose 0 = -h*b + 4*b - 13. Calculate the remainder when b is divided by 5.
3
Let s(d) = -d**2 + 16*d - 5. Calculate the remainder when 216 is divided by s(6).
51
Suppose -2*t - s + 38 = -t, s = 3*t - 114. Suppose -10 = x - t. What is the remainder when x is divided by (-92)/(-6) - (-2)/(-6)?
13
Let y(n) = -2*n**2 + 13*n + 3. What is the remainder when y(6) is divided by 4?
1
Calculate the remainder when (-12)/18*(-282)/4 is divided by 17.
13
What is the remainder when 42 is divided by 4/14 + 114/42 + 20?
19
Let n(k) = k**3 + 2*k**2 - 4*k + 1. Suppose -3*l = -8 + 2. Suppose -l*g + 12 + 0 = 0. Calculate the remainder when g is divided by n(-3).
2
Let m = -5 + 5. Suppose m = 5*t - 4 - 66. Calculate the remainder when 41 is divided by t.
13
Let a = -16 + 26. Let n(y) = 3*y**2 + 2*y**2 + 15 + a*y + 0*y**2 - 4*y**2. Calculate the remainder when 44 is divided by n(-10).
14
Suppose x - 4*s = -1 - 1, -3*x + 1 = -5*s. Suppose 5*y + 177 = 5*w + x*y, 3*y - 21 = -w. What is the remainder when w is divided by (0 - (1 + -3)) + 15?
16
Suppose -5*x - 27 + 67 = 0. Suppose -4*d + 2*c = -x + 2, d + 3*c = -9. Calculate the remainder when -2 - 0 - (-42 + d) is divided by 14.
12
Suppose -t + 2*t = 155. Calculate the remainder when t is divided by 10.
5
Suppose 4*n = -4*o + 40, 4*n - 44 = -3*o - 0*o. Calculate the remainder when (55 - 0) + (-8)/4 is divided by n.
11
Suppose 0 = -408*h + 404*h + 36. What is the remainder when -1 + 3 + -2 + 24 is divided by h?
6
Suppose 4*x = 5*x - 61. What is the remainder when x is divided by 16?
13
Calculate the remainder when (-1 + 49)*2/4 is divided by 5.
4
Let k(b) = -b**3 + b**2 + 3*b - 1. Let t be (-3)/(0 + (-9)/6). Let v be k(t). Suppose 3*m - v = 17. Calculate the remainder when m is divided by 4.
2
Suppose 3*g - 7*g = -60. What is the remainder when 29 is divided by g?
14
Let z be 2*-1 - 54/(-3). Let r = 32 - z. Let l(k) = -k**3 + 8*k**2 + k - 2. Calculate the remainder when r is divided by l(8).
4
Let w(j) = -j - 5. Let z = -8 - -5. Let x = z + -5. What is the remainder when 5 is divided by w(x)?
2
Let s = 6 + 4. Suppose x - 28 = -0*x. Calculate the remainder when x is divided by s.
8
Let h(f) = f**2 - f + 5. What is the remainder when h(-5) is divided by 18?
17
Suppose -3*m + 12 = -3. Suppose 11*s - 6*s = 85. Calculate the remainder when s is divided by m.
2
Let c = 58 + -41. Let l(h) = -h**3 - 4*h**2 - 3*h + 3. Let i be l(-3). What is the remainder when c is divided by (-9)/(0 + i/(-2))?
5
Let f(a) = -2*a + 12. What is the remainder when f(5) is divided by ((-2)/3)/((-2)/3)?
0
Suppose -5*n - 2*o = 2*o - 34, 3*n + o - 19 = 0. What is the remainder when n is divided by ((-3)/(-3))/(2/8)?
2
Let c = -13 + 19. Let i be 0/(4/(-2)) - -4. Suppose -v = i*v - 10. Calculate the remainder when c is divided by v.
0
Suppose 6*o - o - 40 = y, 3*y + 8 = -o. Let l be o - (1 + -1 + 0). Let d = 8 + l. What is the remainder when 44 is divided by d?
14
Let i(p) = -p**3 - p + 17. Calculate the remainder when 26 is divided by i(0).
9
Let v(o) = -o**2 - 9*o + 29. Let l be v(-12). Let i = 65 + l. What is the remainder when i is divided by 30?
28
Let n(b) = b**3 + 9*b**2 + 7*b - 8. Let f be n(-8). Suppose w = -f*w + 13. What is the remainder when w is divided by 11/44 + (-19)/(-4)?
3
Let g(o) = 2*o**3 - 7*o**2 + 4*o + 3. Suppose -5*b - 2*b + 63 = 0. Calculate the remainder when g(4) is divided by b.
8
Let v(n) = 5*n + 9. Let f be v(-6). Let h = -7 - f. Calculate the remainder when 23 is divided by h.
9
Suppose -4*w = -63 - 5. Calculate the remainder when 33 is divided by w.
16
Suppose 6*k = k - 3*r + 12, -5*k + 3*r = 12. Suppose k = 4*w + 3*n - 241, -8*w - n = -3*w - 315. What is the remainder when w is divided by 22?
20
Suppose -3*c - 19 = -2*y, 5*c - 2*y + 29 + 4 = 0. Calculate the remainder when 39 is divided by ((c - -3) + 5)*20.
19
Suppose -2*v - 2*v + 184 = 2*s, 0 = v + 2*s - 43. What is the remainder when v is divided by 16?
15
Let x = -127 - -147. Calculate the remainder when 74 is divided by x.
14
Suppose 0*i + 4*i - 5*u + 175 = 0, 0 = 2*i + 3*u + 93. Calculate the remainder when (-61)/(-4) + 2/(-8) is divided by (-370)/i - (-2)/(-9).
7
Let s = 17 - 5. Let p = 132 + -50. Suppose 3 = -l, 0 = -4*d - 5*l + 3*l + p. What is the remainder when d is divided by s?
10
Suppose 0 = -2*z - z + f, -5*f = 3*z. Calculate the remainder when ((-210)/25)/((-6)/20) is divided by (-3)/((-3)/10 - z).
8
Let w(y) = -y**3 - 2*y**2 + 6*y - 4. Let j(d) = d**3 - 6*d**2 - 5*d. Let q be 1/((2/7)/2). What is the remainder when w(-5) is divided by j(q)?
13
Let s(b) = -3*b**3 - 4*b**2 - 2*b + 4. Let d be (-2)/(3/(27/6)). What is the remainder when s(d) is divided by 19?
17
Suppose 0 = -9*c + 4*c + 10. Let w(a) = 12*a**2 + 2*a - 3. What is the remainder when w(c) is divided by 13?
10
Let r(d) = -d**3 + 8*d**2 - 3*d - 5. Let x be ((-15)/9)/(-5)*21. Calculate the remainder when r(x) is divided by 6.
5
Suppose 0 = 2*m + m - 54. Let k be 6 - (-3 + (-3 - -3)). Suppose -q - b = q - k, 2*q + 11 = -5*b. Calculate the remainder when m is divided by q.
4
Suppose 4*v = -2*r + 140, -4*v = -r + 81 - 17. What is the remainder when r is divided by 35?
33
Suppose -3*t - 75 = -8*t. Suppose k + 0*f + f - 3 = 0, t = 3*k + f. Calculate the remainder when k is divided by (-1 - -5)*(1 - 0).
2
Let k(v) = v**3 - 4*v**2 - 9*v + 8. Let u = 6 + 0. Calculate the remainder when k(u) is divided by 2/(-4) - 19/(-2).
8
Let h(k) = -k + 51. What is the remainder when 56 is divided by h(32)?
18
Suppose 111 = 5*q - 2*q. Let r(m) = -16*m - 3. Calculate the remainder when q is divided by r(-1).
11
Let m = 37 + -25. Calculate the remainder when (16/m)/((-8)/(-132)) is divided by 8.
6
Suppose 0 = 4*u - 63 + 19. Calculate the remainder when 31 is divided by u.
9
Let a(w) = 3*w + 17. Let n(i) = -i + 4. What is the remainder when a(-5) is divided by n(2)?
0
Let k be ((-6)/4)/((-12)/40). Suppose 13 = k*r - 12. Calculate the remainder when 13 is divided by r.
3
Suppose 0 = 12*y - 7*y - 30. Suppose -v = -5*v + 12. Suppose v*b = 10 + 2. What is the remainder when y is divided by b?
2
Let i = -35 + 56. Calculate the remainder when 83 is divided by i.
20
Suppose -y - 290 = -6*y. What is the remainder when y is divided by 15?
13
Let c be 47/3 - (-2)/(-3). Suppose -3*p + 0*p = -c. Suppose -k + 10 = 4*k. Calculate the remainder when p is divided by k.
1
Suppose 3*x + t - 8 = 0, -3*x = 2*t + t - 18. Let i be 4/(-6)*(-2 - x). Suppose -21 = -i*n - 1. What is the remainder when 18 is divided by n?
8
Let d = -11 + 15. Suppose t = -5*m + 55, -5*m = -m - d*t - 44. Calculate the remainder when m is divided by 3.
2
Let n = 25 + -11. Let b = -11 - -53. Suppose -4*c = -b - n. What is the remainder when 26 is divided by c?
12
What is the remainder when (11 - 13)/(4/(-94)) is divided by 8?
7
Suppose -4*a = -3*v + 13463 + 3751, 2*a + 8608 = 2*v. Let g be 6/(-15) + a/(-5). What is the remainder when (-2)/(-7) - g/(-28) is divided by 16?
15
Suppose 0 = -5*y + 2*d + 90, -3*y + 7*d = 2*d - 54. Suppose 0*x + 3*x - 84 = 0. Calculate the remainder when y is divided by ((-35)/x)/(2/(-8)).
3
Let s = 13 + -6. Calculate the remainder when 77/4 - 12/(-16) is divided by s.
6
Suppose 4*b - 2*p - 152 = 0, -p + 170 + 6 = 5*b. Suppose 2*h = -2*i + i + 5, 4*i - 5*h = 72. Calculate the remainder when b is divided by i.
10
Suppose -4*y + 0*y = -16. Suppose 3*h + w = 41, -3*h - y*w - 34 = -81. Calculate the remainder when 49 is divided by h.
10
Let y = 40 + -32. Calculate the remainder when 23 is divided